. Suppose -4*w - 2*k - 16 = 0, 4*w + 3*k - 42 = 9*w. Calculate o(w).
-2
Let y(o) = -11*o + 16*o + 2 + 73*o**2 - 1 + 4*o - 74*o**2. Give y(13).
-51
Let n(k) be the second derivative of -2*k**3/3 - 14060*k. Let z(o) = o**2 - 5*o - 5. Let r be z(6). Give n(r).
-4
Let q(d) = d**3 + 7*d**2 - 6*d + 8. Let l be (17/34)/((-62)/(-32) - 2). Give q(l).
-8
Let o(r) = -9*r + 114. Let q be o(10). Let d(i) = q*i - 44 - 20*i + 44 - i**3 - 5*i**2. Give d(-5).
-20
Let w be (4/1)/(14 + -16). Let z(y) = -3*y**3 + 4*y**2 - 12*y - 3. Let u(v) = -4*v**3 + 6*v**2 - 17*v - 4. Let c(r) = 5*u(r) - 7*z(r). Calculate c(w).
3
Let v(b) be the second derivative of b**4/12 - 5*b**3/3 - 51*b**2 + 678*b - 3. Calculate v(-6).
-6
Suppose -13 = a - 3*n - 1, -27 = -4*a - 3*n. Suppose -4*r - w = -7, -5*w - 1 = 2*r - 0. Let y(q) = -4*q**2 + 4*q**2 - 2 + 0*q**r + q**2 + 4*q. What is y(a)?
19
Let q(a) = 2*a**2 - 23*a + 10. Let j(r) = r**3 - 232*r**2 - 1188*r - 2. Let v be j(-5). Give q(v).
49
Suppose 5*s - 16 = 9*s. Let c be 70/(-22) - s/22. Let o(v) = 19 - 88 + 35 + 17 - 2*v + 13. Determine o(c).
2
Let q(d) = -12*d**2 + 63*d. Let j(o) = 11*o**2 - 54*o + 1. Let t(g) = -7*j(g) - 6*q(g). Determine t(3).
-52
Let x(f) = 2*f - 8*f + 4*f + 3*f. Let r(j) = 6*j - 6. Let z(l) = r(l) - 3*x(l). Let d = 68 + -64. Give z(d).
6
Suppose y - 7 = -6, -4*y = -w - 6. Let v(o) be the second derivative of o**4/4 + 2*o**3/3 + 3*o**2/2 - 52*o. Calculate v(w).
7
Let w(y) = -20*y - 2*y + 10*y + 10*y - 1 + y + y**2. What is w(5)?
19
Let o(n) be the second derivative of -5/6*n**4 - 58*n + 1/2*n**2 + 3/2*n**3 + 1/20*n**5 + 2. Calculate o(9).
1
Let c(z) be the third derivative of z**5/60 + z**4/8 - 11*z**3/3 + 1012*z**2. Calculate c(0).
-22
Let r(a) = -6*a**2 + 19 + 19 + 20 + 7*a**2 + 4*a - 53. Suppose -2*t = -t + 4. Determine r(t).
5
Let p(m) be the third derivative of 1/3*m**3 + 0 + 6*m**2 - 2*m + 13/24*m**4. Let k = -31 + 29. Calculate p(k).
-24
Suppose 6*y = 3*y + 111. Let p = y + -38. Let n(z) = 2*z. What is n(p)?
-2
Let w(r) be the second derivative of -r**5/20 + 25*r**4/12 - r**3/6 + 15*r**2 + 4*r - 292. Determine w(25).
5
Let t be 256/28 + ((-816)/119)/(-8). Let n(h) = -h - 38. Give n(t).
-48
Let p(q) = -q**3 - 9*q**2 - 9*q - 5. Suppose -2*o - u + 112 = 0, 6*o - 4*u = o + 280. Suppose -25*n = -18*n + o. Calculate p(n).
3
Let y(j) be the second derivative of j**4/6 + 4*j**3/3 - 24*j**2 + 2264*j + 1. Determine y(4).
16
Let d be (-901)/(-318) + (-1)/(-6). Let u(q) = 8*q**2 - 86*q**3 + 5*q + 87*q**d + q**2 - 18. Determine u(-8).
6
Let r(k) = 9275*k**3 - 2322*k**3 - 13*k**2 - 2323*k**3 - 2317*k**3 + 16 - 2314*k**3 - 42*k. Determine r(-7).
16
Let g be ((10/8)/(145/116))/(2/(-10)). Let b(w) = -w**2 - 7*w + 1. What is b(g)?
11
Let i(p) = -p**3 + 15*p**2 - 11*p + 16. Let q be i(14). Suppose 0 = 70*r - q*r + 24. Let a(z) = -5*z - 5. Give a(r).
5
Suppose 4*f + 4*c + 0 = -8, 0 = 5*f - 3*c - 14. Let g(o) be the third derivative of 0*o + 1/6*o**3 + 50 + 0*o**4 - 2/15*o**5 + 2*o**2. Determine g(f).
-7
Let s be 46/(-69)*27 + 22. Let c(b) = 4 + 0 - 2*b + 4. Let v(q) = -q + 6. Let g(z) = s*c(z) - 5*v(z). Calculate g(-3).
11
Let i(p) = 10289*p - 24 - 10300*p + 24. What is i(-1)?
11
Let q be -15*(-3)/18*2. Let p(z) = 6*z + 4 + 0 - q - 2*z. Give p(1).
3
Let f = -26 + 20. Let m(p) = -3*p**2 - 32*p + 83. Let n(b) = b**2 + 11*b - 29. Let z(h) = 6*m(h) + 17*n(h). What is z(f)?
-1
Let m = -28 - -25. Let b(z) be the third derivative of 0*z + 1/12*z**4 + 26*z**2 + 0 - 1/2*z**3 + 1/60*z**5. Determine b(m).
0
Suppose 0 = -63*w + 5*w + 4350. Suppose 35*c + w = 30*c. Let o(g) = g**3 + 16*g**2 + 16*g. Calculate o(c).
-15
Let q(n) be the first derivative of -n**2 + 5*n + 53. Suppose 3*o = -5*c + 20, -12 = 3*o - c - 62. Let r be (9/27)/(1/o). Determine q(r).
-5
Let i(u) be the second derivative of 9*u - 5/2*u**2 - 1/6*u**4 + 2/3*u**3 + 1. Give i(2).
-5
Let x(c) be the third derivative of -c**4/24 + 4*c**3/3 + 380*c**2. Give x(4).
4
Suppose -674 + 2731 = 17*r. Let s = -111 + r. Let u(m) = -m + 3. What is u(s)?
-7
Let v(k) = k**2 - k + 1. Let r be v(0). Let c(s) = 13*s**2 - 6*s - 4. Let n(j) = 16*j**2 - 7*j - 5. Let d(l) = -5*c(l) + 4*n(l). Calculate d(r).
1
Let j be 3 - 11 - (-10)/1. Let a(g) = g + g**2 + 2*g - 2*g**j - 11 - 13 + 22. Let l = -1 - -3. What is a(l)?
0
Let d(w) = w**3 + 12*w**2 + 4. Let i(f) = f**2 - 10*f - 49. Let v be i(-5). Suppose -6*u + 16 + v = 0. Let p(b) = -4*b + 16. Let c be p(u). What is d(c)?
4
Suppose -2*w - 2*y + 10 = 0, -w - 2*y + 0*y = -7. Let s(j) = -3*j - j**3 + 23*j**2 - 4 - w*j**3 - 28*j**2 + 2*j**3. Determine s(-3).
14
Let h(z) = -z**2 - 3*z - 4. Suppose 5*u + 4*r - 61 = 2*r, 15 = 5*r. Let b = u - 8. Suppose -2*v + 3*i - 6 = 0, b*i + 12 = -4*v + i. Calculate h(v).
-4
Let g = -699 + 189. Let r = 502 + g. Let k(l) = -l**2 - 5*l + 10. Determine k(r).
-14
Let q be (-39)/12*30/(-195). Let a(p) be the first derivative of -2*p - q*p**2 - 28. Give a(-7).
5
Let r(z) be the second derivative of -z**5/20 + 2*z**4/3 - z**3/2 + 41*z. Determine r(2).
18
Let k(h) be the first derivative of -h**3/3 + 13*h**2/2 - 37*h + 664. Give k(9).
-1
Suppose 58 = 12*w + 34. Let v(j) = -2*j + 8. What is v(w)?
4
Let k be (1 - 0) + -2 + 5. Let l(u) = 116*u + 64 - 124 + 55 - 115*u. Give l(k).
-1
Let c = -17 + 17. Suppose c = -6*f - 9 - 3. Let t(u) = 3*u**3 + 4*u**2 - 3*u - 2. Determine t(f).
-4
Suppose 10*r - 8*r = s + 29, -r = -s - 15. Let w(l) = -l - 5. What is w(r)?
-19
Let s(b) be the first derivative of -b**4/4 - 7*b**3/3 - 5*b**2/2 - 33*b - 10217. Calculate s(-4).
-61
Let s(k) = -k**2 - 11*k - 23. Suppose b - 4 = 0, -4*b = 5*r - 3*r. Determine s(r).
1
Let s(c) be the second derivative of c**7/840 - c**6/90 - c**5/20 + c**4/4 + 6*c**3 - c**2/2 + 11*c + 1. Let o(f) be the second derivative of s(f). Give o(4).
-18
Let d(x) = x**2 - 11*x - 276. Let c be d(-12). Let u(v) be the second derivative of -1/20*v**5 + 1/4*v**4 - 1/2*v**3 + 3/2*v**2 + c + 18*v. Give u(2).
1
Suppose -1248 = -5*a - 2*d - 1266, -4*d - 16 = 0. Let c(u) = -59*u - 123. What is c(a)?
-5
Let g(z) = z**3 - 9*z**2 - 7*z + 2. Suppose -4*q - 789 = -3*f - 86, 2*q + 3*f = -365. Let n = q + 188. What is g(n)?
32
Let q(c) = -3*c - 45 + 134 - 53 - 41. Let p be ((-2)/(-10) + -1)*(-840)/(-112). Calculate q(p).
13
Let j(z) be the first derivative of z**3/3 - 4*z**2 - 13*z - 7731. Let c = 6 - -3. Give j(c).
-4
Let g(k) be the third derivative of k**4/8 + k**3/6 - 4*k**2. Let w(z) = 6*z + 3. Let n(l) = 5*g(l) - 2*w(l). Calculate n(2).
5
Let p be (-2)/(5 - (-8)/(-8) - 5). Let z(a) = a**2 + 5*a - 9. What is z(p)?
5
Let j(u) = u**2 + 28*u - 66. Let h be 7/((-21)/180)*15/(34 + -4). What is j(h)?
-6
Let s(f) = 3*f + 10. Let i(c) = c**3 - 8*c - 8. Let w be i(-3). Let z(y) = -17*y - 49. Let t(m) = w*s(m) - 2*z(m). Calculate t(8).
-4
Let g(d) = -2*d**2 + 4*d**2 + 2*d + 3*d**2 - 2*d**2. Let v = -243 - -246. Suppose v*i - 15 = -21. What is g(i)?
8
Let t(i) = -2*i**2 - 1. Let z(v) be the first derivative of 3*v**3 - 3*v**2 + 16*v - 84. Let s(x) = -5*t(x) - z(x). Calculate s(-8).
5
Suppose 0 = 14*s - 69*s + 110. Let w(q) = 4 - 3*q**s + 41*q - 40*q + 2*q**2. What is w(0)?
4
Suppose -m + 3*z + 2 = -2, 5*z = -3*m + 26. Let j be 6/((-18)/(-3)) - -5 - m. Let n(d) = d**3 - d**2 + 1. Determine n(j).
-1
Let n(v) = -v**3 - 6*v**2 + 3*v + 9. Suppose -a = -9*a. Suppose a = -3*p - 4 - 14. Determine n(p).
-9
Let u(j) = -3*j - 65. Let o = 7750 - 7768. What is u(o)?
-11
Suppose -9*h + 312 + 483 = 44*h. Let z(w) = w**2 - 14*w + 30. Determine z(h).
45
Suppose -5*b + 0*t + t = -24, 0 = 6*t + 24. Let d = -2 - -8. Let i(l) = -3 + d - b - l. Give i(0).
-1
Let w = -19 + 7. Let o(n) = -9311*n - 8466*n + 17776*n - 12. Give o(w).
0
Suppose 6*w - 2*w - 16 = 0, -2*w = -4*x + 260. Let q = -67 + x. Let i(g) = 0*g + 6*g - 5*g + q*g. Calculate i(6).
6
Let m(r) = -3*r**2 + 112*r - 43. Let w be m(37). Let p(c) = 2*c**2 - 6*c - 3. Let u(x) = -7*x**2 + 24*x + 12. Let g(f) = w*u(f) - 22*p(f). Calculate g(-6).
-6
Let b(o) = 5*o**2 - 2*o + 1. Let k be (-528)/(-9)*72/32. Let d = k - 131. Give b(d).
4
Let f(k) = 4*k**2 + 14 - 9*k - 5 - 2*k**2 + 5003*k**3 - 5002*k**3. What is f(-4)?
13
Let i = 490 - 484. Let v(d) = i*d + 1 + 1325*d**2 + 0 - 3 - 1324*d**2. Calculate v(-4).
-10
Let h(r) be the second derivative of r**3/6 - 19*r**2/2 +